er?
False
Let f = -627 + 1238. Is f a prime number?
False
Is 4/(-1)*(-886)/8 prime?
True
Suppose -7*s + 3*s = 12. Let i(k) = k**2 - 3*k - 4. Is i(s) a composite number?
True
Let q be (-2)/(16/6 - 2). Let d = -6 - q. Let r(l) = -l**3 - l**2 - 4*l + 1. Is r(d) composite?
False
Suppose 948 = 3*r - 282. Suppose -z = r + 82. Is (-1)/(3/z) + -1 prime?
True
Suppose -5*l + 2*j = 3, 0*l = 3*l + 3*j + 6. Is l + -1 + (6 - -123) composite?
False
Suppose -5*r = -2*r. Suppose -4*o + r*o = -184. Is o composite?
True
Let k(z) = -z**3 - z**2 - z + 15. Let n be k(0). Let q be (2/(-6) + -1)*-3. Suppose n = q*c + c. Is c prime?
True
Is 319/(3 + 1 + -3) a prime number?
False
Let y = 793 + -454. Is y a composite number?
True
Let j(m) = -10*m + 2. Let i be j(2). Is (-2)/4 + (-999)/i composite?
True
Suppose -28 = -4*w + 48. Let d = w - 5. Is d prime?
False
Suppose 3*s + 3*p = 0, 5*p - 4 + 22 = s. Let n be (-3)/((-27)/33)*s. Suppose -3*k = -31 - n. Is k a prime number?
False
Let u = 17 - 12. Let l be u*(-1 - (-39)/15). Let t(p) = 5*p + 9. Is t(l) composite?
True
Let b(i) = 2*i**3 - 2*i**2 + 4*i + 5. Let s(u) = -2*u**3 + u**2 - 3*u - 4. Let l(o) = 3*b(o) + 4*s(o). Let g = -3 + 0. Is l(g) a prime number?
False
Suppose 10*d - 746 = 8*d. Let g(s) = -23*s**3 - 5*s**2 - 2*s + 2. Let f be g(-3). Let a = f - d. Is a a prime number?
True
Let p = -1262 - -1975. Is p composite?
True
Suppose 4*y + 1 = 9. Suppose x - 4 + 1 = g, 15 = 5*x - y*g. Suppose -x*w + 17 = -1. Is w prime?
False
Suppose 5*l = -2*l + 42. Let w = -2 + 2. Suppose -2*b + 161 = i, -2*i + l = -w*i. Is b composite?
False
Suppose 122 = 3*x - 16. Let c = x - 31. Is c prime?
False
Let b(p) = 9*p**3 + 5*p**2 + 17*p + 1. Let l(j) = 5*j**3 + 3*j**2 + 9*j + 1. Let s(q) = 4*b(q) - 7*l(q). Suppose 4*c + 1 = 17. Is s(c) a prime number?
False
Let t be (0 - (-1 - -1))*-1. Suppose 20 = 4*o + o, t = 2*s - 2*o + 6. Is s/(3*2/186) a composite number?
False
Suppose -150 = 3*w - 8*w. Let q = 127 - w. Is q prime?
True
Suppose a - 5 - 1 = 0. Let z be (-2 - 0) + (-2 - -5). Is 2/z*a/4 composite?
False
Let y(a) be the third derivative of -a**6/120 + 3*a**5/20 - 3*a**4/8 + a**3/6 - a**2. Let p(s) = s**3 + 6*s**2 + 6. Let z be p(-6). Is y(z) a composite number?
True
Suppose 2*b - w = 814, 2*b = 5*b - w - 1223. Is b a prime number?
True
Let l = -391 + 696. Is l composite?
True
Suppose 0*a - 436 = -4*a. Let b = -54 + a. Is b a prime number?
False
Let l = -687 - -1024. Is l a prime number?
True
Let t = 8 + 933. Is t a composite number?
False
Suppose 395 = 4*z + z. Is z prime?
True
Suppose -3*x = -4 - 53. Is x prime?
True
Let u = 91 + -26. Is u a composite number?
True
Let x = 2 - -1. Is x a prime number?
True
Suppose 8*v - 6*v - 4 = 0, -37 = -3*o - 2*v. Is o a composite number?
False
Let h(b) be the second derivative of b**5/60 - b**4/8 - b**3/3 + 2*b. Let g(d) be the second derivative of h(d). Is g(9) prime?
False
Suppose 9 = 4*z + 1. Suppose 4*g - 20 = 2*c, 3*c = -z*g - 1 - 13. Let f = 9 - c. Is f a composite number?
True
Let y(m) = 4*m**2 + 5*m + 1. Let w be y(-6). Let k = -117 + 57. Let p = k + w. Is p prime?
False
Let f(b) = 149*b**3 - b**2 + b. Let y(d) = -d - 4. Let t be y(-5). Is f(t) a prime number?
True
Suppose 9712 = 4*b + g, -b + 5*g = -1384 - 1023. Is b a prime number?
False
Suppose 6*o = 4*o + 280. Let c = 167 + o. Is c a composite number?
False
Is (-2)/(-3)*(-132423)/(-74) a composite number?
False
Let b(u) = -2*u**3 + 14*u**2 - 5*u - 4. Let n(p) = p**3 - 7*p**2 + 2*p + 2. Let d(s) = -4*b(s) - 7*n(s). Let z be d(7). Let k = -9 + z. Is k a composite number?
True
Suppose 2*c - 4*i + 36 = 0, 2*i - 5 = -11. Let s = 35 + c. Is s prime?
True
Is (1 - -45) + (-9)/(-3) a composite number?
True
Let k = 62 + -43. Is k a composite number?
False
Is -2 + 2 - -294 - 1 composite?
False
Let j = 18 - 22. Is 85 - (2 + 2 + j) a composite number?
True
Suppose 5*q + 340 = 9*q. Is q a prime number?
False
Let m be (6/18)/((-1)/(-9)). Let l(s) = 5*s - 1. Let b be l(m). Let d = b - -21. Is d prime?
False
Let y be (-33)/(-1) - (-4)/(-2). Let r = 46 - y. Is r a prime number?
False
Is (2/(-3))/((-5)/165) prime?
False
Let l(c) = -16*c**2 - 4. Let g be l(3). Let t = g - -237. Suppose 60 = y - t. Is y a prime number?
True
Let n(z) = -5*z**3 + 6*z**2 + 5*z - 7. Let g(x) = -9*x**3 + 11*x**2 + 9*x - 13. Let h(t) = -4*g(t) + 7*n(t). Let c be h(4). Let o = 54 - c. Is o composite?
False
Suppose 2*w + 0*g + g - 1081 = 0, 0 = -3*g - 3. Is w composite?
False
Let c(a) = -a**2 + 29*a - 2. Is c(8) prime?
False
Suppose 31 = 4*j + 5*d, -2*d = -j - 6*d + 5. Is (-478)/(-6) + (-6)/j a composite number?
False
Suppose 5*n = r + 5706, 4561 = -2*n + 6*n + 3*r. Is n prime?
False
Let j = 338 - -371. Is j prime?
True
Let g(h) = -h**3 + 2*h**2 + 3*h. Let x be g(3). Suppose x = -4*n - 0 - 4. Is n + -2 + 6*3 a prime number?
False
Suppose 0 = -2*j + 34 + 20. Let f = j - -196. Is f a prime number?
True
Let k = -20 - -25. Suppose -3*n + k*i = -150, 5*n - 3*i - 272 = -2*i. Is n prime?
False
Let n = 2 + 0. Let r be (24/10)/(n/35). Suppose 2*b - r = -b. Is b a prime number?
False
Suppose -3*i + 18 = 4*a, 0*a + a - 3 = 0. Suppose 3*r + 5*p = 6*r - 46, -2*p = i*r - 4. Let n = 46 - r. Is n prime?
False
Suppose 3*m + 80 = -2*d + 3*d, 439 = 5*d - 2*m. Is d a prime number?
True
Suppose 615 = 3*v - 582. Let o = v + -222. Let l = o - 124. Is l composite?
False
Let a(h) = 7*h. Let k be a(11). Let o = 123 - k. Is o prime?
False
Suppose -2*a + 0*c - 1 = c, -25 = 5*c. Let w = 4 + a. Is w composite?
True
Let k(q) = 123*q**2 - 4*q - 3. Is k(4) a prime number?
True
Let q(b) = -4*b**3 - 4*b**2 - 3*b - 15. Is q(-8) prime?
True
Is 2 + -4 - (-1710 + -3) prime?
False
Let y(t) be the third derivative of 2*t**5/15 - t**4/8 - t**3 - t**2. Suppose -2*z - 3*z - 25 = 0. Is y(z) a prime number?
False
Let z(k) = -10*k - 10. Let n(w) = -10*w - 9. Let p(v) = -6*n(v) + 5*z(v). Is p(3) a composite number?
True
Is 2 + 12/(-3) - -91 a composite number?
False
Suppose -5*q - 3*j + 1582 = 0, 5*j - 76 = 4*q - 1349. Is q composite?
False
Suppose -q = -32 - 27. Is q composite?
False
Let q be (-3 - 3)*(-2)/(-2). Let c(i) = -i**2 - 7*i - 4. Let t be c(q). Suppose -v = o - 2*o + 50, 59 = o + t*v. Is o composite?
False
Suppose 0*n - n = -1, 3*n + 1 = 2*w. Is (0 - -2)*289/w a composite number?
True
Suppose 5*n - 9 = 16. Let y be (n + -9)*1*-3. Suppose -u + 2*d + y = 0, -3*u = -8*u - 5*d + 45. Is u prime?
False
Let k(n) = -n + 1. Let v(s) = 25*s - 6. Let a be (6/4)/(6/16). Let j(i) = a*k(i) + v(i). Is j(7) a prime number?
False
Let w(n) = 12*n**3 - 1. Is w(1) composite?
False
Suppose 760 + 1514 = 6*x. Is x prime?
True
Let f(z) = -13*z + 1. Let i be f(-4). Let a = i + 14. Is a a prime number?
True
Suppose 0 = 2*x + 12 + 78. Is 18/x - 747/(-5) a prime number?
True
Let h(z) = 3*z + 9. Let s = 19 + -11. Is h(s) prime?
False
Let p(s) = s + 15. Let x be p(-12). Suppose 297 = 5*b + u, -x*u + 6*u = -2*b + 124. Is b prime?
True
Let c(m) = 2*m + 2. Let p be c(-2). Let d(z) = 4*z**3 + 4*z**2 + 2*z. Let f be d(p). Let j = -1 - f. Is j composite?
False
Let j be (-8)/32 + 249/4. Suppose 2*l = -3*b + 171 + j, -2*l + 4*b = -226. Is l a composite number?
True
Suppose -5*t - 33 = -108. Is t a prime number?
False
Let i(s) = 251*s + 16. Is i(11) composite?
False
Suppose 3*g - 7*g - 5*b + 53 = 0, -b = 5*g - 82. Let q = 32 - g. Is q composite?
True
Let m = 8 - 4. Suppose -3*b + 113 = -m*h, -3*b + 3*h - 46 + 163 = 0. Let k = -30 + b. Is k composite?
False
Suppose 0*w = 3*w. Let b = w + 2. Suppose -2*r + 64 = -3*p, -r + 97 = b*r - 4*p. Is r composite?
True
Let i(p) be the first derivative of -p**3/3 + p**2/2 + 2*p - 1. Let a be i(2). Suppose 2*n - 2 - 2 = a. Is n prime?
True
Suppose -2*o + 5*q + 26 = 0, 0 = o - 2*o + 2*q + 11. Suppose -10 = o*n - n. Let d(t) = -t**3 - 4*t**2 - 2*t + 2. Is d(n) a composite number?
False
Let b(m) = -m**2 + 4. Let v be b(0). Suppose -15 = -v*y - y. Suppose -3*q + y*w + 119 = 2*w, 3*w = 4*q - 167. Is q a composite number?
True
Suppose -1257 = u - 4*u. Is u a prime number?
True
Let l = -1 + 6. Suppose -12 = -5*n - l*g + 23, 15 = n + 3*g. Is n a composite number?
False
Suppose -1716 + 15100 = 8*j. Let v = -414 + j. Is v composite?
False
Let v(p) = -324*p - 1. Is v(-3) a prime number?
True
Is (-17535)/(-5) - (-4 - 0) a prime num